11?
4609
What is 170ab (base 13) in base 11?
30134
-1211111021 (base 3) to base 2
-1000110011101111
Convert 12020200 (base 3) to base 10.
3825
What is -307 (base 12) in base 9?
-537
What is 352b (base 14) in base 4?
2100203
Convert 1488 (base 9) to base 15.
508
What is -73471 (base 9) in base 12?
-2409a
203200 (base 4) to base 7
6424
What is -20100 (base 3) in base 4?
-2223
What is 15878 (base 9) in base 13?
4c85
What is -152132 (base 6) in base 15?
-457e
What is -6553 (base 8) in base 14?
-1375
What is 145503 (base 7) in base 12?
14506
2c5b (base 15) to base 9
14065
What is 1a1 (base 12) in base 5?
2030
-1010011111101100 (base 2) to base 4
-22133230
-1010 (base 8) to base 6
-2224
Convert -262311 (base 7) to base 5.
-3030421
5261 (base 14) to base 3
201110211
What is 430012 (base 5) in base 15?
43dc
What is -547b (base 12) in base 7?
-36101
-5021 (base 7) to base 16
-6c2
-181d (base 14) to base 9
-5851
Convert 6476 (base 10) to base 3.
22212212
Convert -c26 (base 13) to base 8.
-4014
Convert 101111111100 (base 2) to base 15.
d98
Convert -212010 (base 4) to base 15.
-ac6
Convert 100102210 (base 3) to base 7.
26025
Convert -1110010101101001 (base 2) to base 3.
-2222120011
What is -415 (base 12) in base 4?
-21101
What is 10232 (base 6) in base 10?
1388
Convert -2211 (base 3) to base 10.
-76
What is -1000011110100 (base 2) in base 14?
-1820
Convert -103202 (base 4) to base 7.
-3434
-10 (base 8) to base 14
-8
What is -1474 (base 11) in base 7?
-5346
-100a (base 11) to base 14
-6bb
-1315 (base 9) to base 12
-6a2
What is e04 (base 15) in base 6?
22334
Convert -123046 (base 7) to base 4.
-11202100
What is -12ac (base 13) in base 2?
-101001110101
Convert 412 (base 11) to base 5.
3442
Convert 1d2 (base 16) to base 11.
394
Convert 3102330 (base 4) to base 2.
11010010111100
What is -2032333 (base 4) in base 6?
-110211
What is -111101110000011 (base 2) in base 4?
-13232003
What is -11111101 (base 2) in base 11?
-210
-13713 (base 8) to base 15
-1c11
Convert 1221 (base 8) to base 4.
22101
20200212 (base 3) to base 7
20144
What is -110 (base 4) in base 9?
-22
What is -24035 (base 10) in base 12?
-11aab
-1213 (base 6) to base 4
-10221
-12121 (base 4) to base 8
-631
-10502 (base 7) to base 11
-1a98
Convert 9c9f (base 16) to base 4.
21302133
Convert 144 (base 12) to base 6.
524
-101110010100 (base 2) to base 6
-21420
What is 55f (base 16) in base 2?
10101011111
10 (base 5) to base 16
5
What is 42062 (base 12) in base 9?
141552
What is 111202211 (base 3) in base 2?
10011100110111
What is a18 (base 14) in base 4?
132332
What is 423 (base 9) in base 12?
249
13b (base 14) to base 6
1053
What is -859 (base 14) in base 11?
-1268
212222102 (base 3) to base 5
1024410
What is 1401114 (base 5) in base 12?
14450
-13021 (base 4) to base 14
-249
Convert -1618 (base 11) to base 3.
-2211220
-1011110110101001 (base 2) to base 8
-136651
Convert -321231 (base 4) to base 11.
-2858
What is 330000 (base 4) in base 10?
3840
What is 422333 (base 5) in base 2?
11011100001101
Convert 2141 (base 6) to base 10.
493
-47a3 (base 14) to base 9
-18118
-5911 (base 13) to base 16
-30e8
What is -26900 (base 12) in base 10?
-53136
Convert -20176 (base 11) to base 9.
-44402
Convert 6246 (base 9) to base 11.
3492
What is -2120 (base 4) in base 8?
-230
Convert 499 (base 15) to base 12.
730
Convert 3255 (base 9) to base 7.
6665
-10101110101 (base 2) to base 14
-71b
121000121 (base 3) to base 13
5416
What is 12220220 (base 3) in base 7?
15405
1e9 (base 15) to base 2
110111100
What is 1011001101110 (base 2) in base 11?
4350
What is -3c6 (base 15) in base 6?
-3553
202100011 (base 3) to base 2
11100111101011
40661 (base 7) to base 4
2123111
What is -1624 (base 8) in base 10?
-916
Convert 1644 (base 14) to base 2.
111110001100
Convert -945e (base 15) to base 7.
-160304
Convert 1641 (base 8) to base 11.
775
What is -4b9 (base 13) in base 3?
-1010200
What is 7133 (base 8) in base 12?
2163
52263 (base 7) to base 3
122121100
-3 (base 6) to base 5
-3
What is 469 (base 10) in base 15?
214
What is 612 (base 9) in base 3?
200102
Convert -430 (base 7) to base 2.
-11011001
What is -62b (base 14) in base 13?
-726
-2530 (base 6) to base 8
-1166
14483 (base 9) to base 13
4659
Convert -cb (base 15) to base 4.
-2333
Convert -45b5 (base 12) to base 15.
-247e
-320 (base 13) to base 8
-1025
Convert 48 (base 12) to base 9.
62
What is 1000000111 (base 2) in base 15?
249
What is 1111132 (base 4) in base 9?
7447
Convert -122440 (base 5) to base 13.
-2210
Convert 132 (base 9) to base 2.
1101110
What is 214301 (base 5) in base 9?
11188
da6 (base 14) to base 7
10566
What is 147d5 (base 16) in base 6?
1444313
-6111 (base 14) to base 12
-9797
What is -155 (base 7) in base 11?
-81
-101 (base 14) to base 7
-401
What is 2b50 (base 14) in base 15?
2444
What is 16570 (base 11) in base 7?
124646
8805 (base 14) to base 7
125405
-233322 (base 4) to base 7
-11640
Convert 21001 (base 4) to base 11.
485
-433 (base 11) to base 16
-208
-8b (base 13) to base 15
-7a
What is -589 (base 10) in base 6?
-2421
Convert -1255 (base 7) to base 15.
-221
Convert -220013 (base 4) to base 16.
-a07
Convert -360 (base 14) to base 16.
-2a0
What is 12656 (base 15) in base 8?
162666
Convert 1000101100 (base 2) to base 12.
3a4
-15a (base 15) to base 7
-622
-211010220 (base 3) to base 15
-4bb3
What is -330 (base 11) in base 16?
-18c
What is 20044 (base 8) in base 4?
2000210
Convert 100101001001 (base 2) to base 15.
a87
-10266 (base 7) to base 5
-40142
What is -1e4e (base 16) in base 15?
-2473
Convert -14 (base 8) to base 10.
-12
8c2 (base 13) to base 12
a5a
What is -aa5b (base 15) in base 3?
-1211111112
Convert 10331 (base 4) to base 14.
189
-341113 (base 5) to base 3
-121111200
1021120 (base 3) to base 16
3a5
Convert 10a4 (base 11) to base 4.
112211
Convert a253 (base 11) to base 15.
4075
What is -1020030 (base 5) in base 3?
-212011120
Convert -1112111012 (base 3) to base 6.
-352005
-11434 (base 5) to base 2
-1101100101
-a50 (base 11) to base 14
-665
-15724 (base 8) to base 4
-1233110
-13556 (base 11) to base 2
-100101101100100
-1100010000011 (base 2) to base 11
-4795
What is 87a1 (base 15) in base 16?
7036
880 (base 10) to base 11
730
What is -130562 (base 8) in base 14?
-127aa
What is -3180 (base 9) in base 10?
-2340
What is dc (base 15) in base 2?
11001111
Convert -1a8e (base 15) to base 8.
-13177
What is 1315 (base 8) in base 12?
4b9
What is 355 (base 7) in base 10?
187
Convert c9a3 (base 14) to base 10.
34835
988 (base 11) to base 15
540
Convert -1ad9 (base 14) to base 12.
-29bb
2044242 (base 5) to base 10
34322
Convert 213232 (base 4) to base 14.
cd8
Convert -6399 (base 11) to base 16.
-2109
-20112210 (base 3) to base 14
-1a4d
Convert -110111000001 (base 2) to base 15.
-109b
Convert -120212 (base 5) to base 2.
-1000101010000
What is 23412 (base 5) in base 13?
a33
What is a943 (base 13) in base 14?
881c
-2932 (base 16) to base 7
-42514
Convert 407 (base 9) to base 16.
14b
What is 221310 (base 4) in base 16?
a74
454 (base 6) to base 14
ca
What is -d3 (base 15) in base 14?
-102
What is 20202021 (base 3) in base 6?
34441
-2000201 (base 3) to base 5
-21402
Convert -1557 (base 8) to base 6.
-4023
Convert -1984 (base 12) to base 3.
-11021201
-1111011111 (base 2) to base 5
-12431
Convert 325 (base 15) to base 5.
10320
Convert 188 (base 9) to base 2.
10100001
-488 (base 11) to base 15
-28a
-11c3 (base 16) to base 13
-20ba
What is 10040 (base 5) in base 11?
537
Convert -120ba (base 14) to base 12.
-21604
Convert 1461 (base 7) to base 10.
582
-2112 (base 12) to base 8
-7036
Convert -111110100000101 (base 2) to base 8.
-76405
2004 (base 6) to base 4
12310
What is 2 (base 16) in base 10?
2
What is -561 (base 7) in base 4?
-10200
169 (base 14) to base 4
10201
Convert -6322 (base 10) to base 8.
-14262
What is -61504 (base 7) in base 15?
-469d
-20201 (base 7) to base 6
-34405
-159 (base 16) to base 2
-101011001
What is -7403 (base 14) in base 5?
-1114440
Convert 101101110010001 (base 2) to base 8.
55621
-243603 (base 7) to base 5
-2411134
What is 206650 (base 8) in base 14?
1b22c
Convert 3300232 (base 4) to base 14.
5886
What is 1576 (base 8) in base 9?
1203
What is -11001110100 (base 2) in base 5?
-23102
Convert -132 (base 5) to base 8.
-52
Convert 134 (base 13) to ba